{"id":28,"date":"2026-05-01T14:27:16","date_gmt":"2026-05-01T12:27:16","guid":{"rendered":"https:\/\/bocu.ro\/?page_id=28"},"modified":"2026-05-01T20:41:37","modified_gmt":"2026-05-01T18:41:37","slug":"rezultate","status":"publish","type":"page","link":"https:\/\/bocu.ro\/?page_id=28","title":{"rendered":"Rezultate"},"content":{"rendered":"<p><strong>Proiecte curente de cercetare \u0219tiin\u021bific\u0103<\/strong><\/p>\n<p>Grupul de cercetare administreaz\u0103 proiectul de cercetare \u0219tiin\u021bific\u0103 avansat\u0103 NATO SPS \u201eG7394 \u2013\u00a0<em>Post-quantum Digital Signature using Verkle Trees<\/em>\u201d, ob\u021binut \u00een urma parcurgerii, cu succes, a unui proces competitiv riguros. Pagina oficial\u0103 a proiectului furnizeaz\u0103 mai multe informa\u021bii despre acest proiect de cert\u0103 actualitate tehnologic\u0103: <a href=\"https:\/\/quantum.unitbv.ro\/\" target=\"_blank\" rel=\"noopener\">https:\/\/quantum.unitbv.ro\/<\/a>.<\/p>\n<p><strong>Articole publicate<\/strong><\/p>\n<p><em><strong>Jurnale (selec\u021bie)<\/strong><\/em><\/p>\n<ul class=\"wp-block-list\">\n<li>R., Bocu, M., Iavich,\u00a0<strong>Generalized detection of DDoS attack patterns using machine learning models<\/strong>, in\u00a0<em>Journal of Network and Computer Applications<\/em>, volume 248, 104441. https:\/\/doi.org\/10.1016\/j.jnca.2026.104441, 2026.<\/li>\n<li>M., Iavich, T., Kuchukhidze,\u00a0R., Bocu,\u00a0<strong>Polynomial Commitment Schemes from Classical Constructions to Post-Quantum Directions<\/strong>, in\u00a0<em>Cryptography. 2026; 10(2):27.\u00a0<\/em>https:\/\/doi.org\/10.3390\/cryptography10020027, 2026.<\/li>\n<li>R., Bocu,\u00a0<strong>Detection of Exosomal microRNA from Malignant Lung Cells Using a Surface Plasmon Resonance Imaging Biosensor<\/strong>, in<em>\u00a0Biosensors<\/em>\u00a0<strong>2025<\/strong>,\u00a0<em>15<\/em>, 159. https:\/\/doi.org\/10.3390\/bios15030159, 2025.<\/li>\n<li>C.L., Aldea, R., Bocu, R.L., Chiriac. \u201cANN-Based Modeling of Engine Performance from Dynamometer Sensor Data\u201d,\u00a0<em>Sensors<\/em>\u00a026, no. 1: 120. https:\/\/doi.org\/10.3390\/s26010120, 2025.<\/li>\n<li>M., Iavich, T., Kuchukhidze,\u00a0R., Bocu,\u00a0<strong>Fractional Verkle Trees for Scalable Post-Quantum Signatures<\/strong>, in\u00a0<em>IEEE Access, doi: 10.1109\/ACCESS.2025.3640288<\/em>, 2025.<\/li>\n<li>C.L., Aldea,\u00a0R., Bocu,\u00a0<strong>Authentication Challenges and Solutions in Microservice Architectures<\/strong>, in<em>\u00a0Appl. Sci.\u00a0<strong>2025<\/strong>,\u00a015(22), 12088;\u00a0<\/em>https:\/\/doi.org\/10.3390\/app152212088<em>,\u00a0<\/em>2025.<\/li>\n<li>M., Nutu, G., Akhalaia,\u00a0R., Bocu, M., Iavich,\u00a0<strong>An Extended Survey Concerning the Vector Commitments<\/strong>, in<em>\u00a0Applied Sciences. 2025; 15(17):9510.\u00a0<\/em>https:\/\/doi.org\/10.3390\/app15179510, 2025.<\/li>\n<li>M., Iavich, T., Kuchukhidze,\u00a0R., Bocu,\u00a0<strong>A Novel Verkle Tree-based Post-quantum Digital Signature System with Enhanced Random Number Generation<\/strong>, in<em>\u00a0International Journal of Computer Network and Information Security,\u00a02025(4). https:\/\/doi.org\/10.5815\/ijcnis.2025.04.02<\/em>, 2025.<\/li>\n<li>M., Iavich, T., Kuchukhidze,\u00a0R., Bocu,\u00a0<strong>Post-Quantum Digital Signature: Verkle-Based HORST<\/strong>, in<em>\u00a0Journal of Cybersecurity and Privacy,\u00a05(2):28. https:\/\/doi.org\/10.3390\/jcp5020028<\/em>, 2025.<\/li>\n<li>C.M., Pacurar,\u00a0R., Bocu, M., Iavich,\u00a0<strong>An Analysis of Existing Hash-Based Post-Quantum Signature Schemes<\/strong>, in<em>\u00a0Symmetry,\u00a017(6):919. https:\/\/doi.org\/10.3390\/sym17060919<\/em>, 2025.<\/li>\n<li>R., Bocu,\u00a0<strong>Dynamic Monitoring of Time-Dependent Evolution of Biomolecules Using Quantum Dots-Based Biosensors Assemblies<\/strong>, in\u00a0<em>Biosensors<\/em>\u00a0<strong>2024<\/strong>,\u00a0<em>14<\/em>, 380. https:\/\/doi.org\/10.3390\/bios14080380, 2024.<\/li>\n<li>R., Bocu, M., Iavich,\u00a0<strong>Enhanced detection of low-rate DDoS attack patterns using machine learning models<\/strong>, in\u00a0<em>Journal of Network and Computer Applications<\/em>, volume 227, 103903. https:\/\/doi.org\/10.1016\/j.jnca.2024.103903, 2024.<\/li>\n<li>R., Bocu,\u00a0<strong>Extended Review Concerning the Integration of Electrochemical Biosensors into Modern IoT and Wearable Devices<\/strong>, in\u00a0<em>Biosensors<\/em>\u00a0<strong>2024<\/strong>,\u00a0<em>14<\/em>, 214. https:\/\/doi.org\/10.3390\/bios14050214, 2024.<\/li>\n<li>R., Bocu, A., Baicoianu, A., Kerestely,\u00a0<strong>An Extended Survey Concerning the Significance of Artificial Intelligence and Machine Learning Techniques for Bug Triage and Management<\/strong>, in\u00a0<em>IEEE Access<\/em>, vol. 11, pp. 123924-123937, doi: 10.1109\/ACCESS.2023.3329732,\u00a0<em>2023<\/em>.<\/li>\n<li>M., Iavich, T., Kuchukhidze,\u00a0R., Bocu,\u00a0<strong>A Post-Quantum Digital Signature Using Verkle Trees and Lattices<\/strong>.\u00a0<em>Symmetry<\/em>. 2023; 15(12):2165, https:\/\/doi.org\/10.3390\/sym15122165.<\/li>\n<li>C. L., Aldea,\u00a0R., Bocu, A., Vasilescu,\u00a0<strong>Relevant Cybersecurity Aspects of IoT Microservices Architectures Deployed over Next-Generation Mobile Networks<\/strong>,\u00a0<em>Sensors\u00a0<\/em><strong>2023<\/strong>,\u00a0<em>23<\/em>(1), 189; https:\/\/doi.org\/10.3390\/s23010189<em>, 2022.<\/em><\/li>\n<li>L., Gorlov,\u00a0M., Iavich,\u00a0R., Bocu,\u00a0<strong>Linear Layer Architecture Based on Cyclic Shift and XOR<\/strong>,\u00a0<em>Symmetry<\/em>. 2023; 15(8):1496; https:\/\/doi.org\/10.3390\/sym15081496<em>, 2023.<\/em><\/li>\n<li>C. L., Aldea,\u00a0R., Bocu, R. N., Solca,\u00a0<strong>Real-Time Monitoring and Management of Hardware and Software Resources in Heterogeneous Computer Networks through an Integrated System Architecture<\/strong>,\u00a0<em>Symmetry<\/em>\u00a0<strong>2023<\/strong>,\u00a0<em>15<\/em>(6), 1134; https:\/\/doi.org\/10.3390\/sym15061134<em>, 2023.<\/em><\/li>\n<li>R., Bocu, M., Iavich,\u00a0<strong>Real-Time Intrusion Detection and Prevention System for 5G and beyond Software-Defined Networks<\/strong>,\u00a0<em>Symmetry<\/em>\u00a0<strong>2023<\/strong>,\u00a0<em>15<\/em>(1), 110; https:\/\/doi.org\/10.3390\/sym15010110<em>, 2022.<\/em><\/li>\n<li>R., Bocu, D., Bocu, M. Iavich,\u00a0<strong>An Extended Review Concerning the Relevance of Deep Learning and Privacy Techniques for Data-Driven Soft Sensors<\/strong>,\u00a0<em>Sensors<\/em>\u00a0<strong>2023<\/strong>,\u00a0<em>23<\/em>(1), 294; https:\/\/doi.org\/10.3390\/s23010294<em>, 2022.<\/em><\/li>\n<li>R., Bocu, A., Vasilescu, D. M., Duca Iliescu,\u00a0<strong>Personal Health Metrics Data Management Using Symmetric 5G Data Channels<\/strong>,\u00a0<em>Symmetry,<\/em>\u00a0<strong>2022<\/strong>; 14(7):1387. https:\/\/doi.org\/10.3390\/sym14071387<em>, 2022.<\/em><\/li>\n<li>R., Bocu, D., Bocu, M., Iavich,\u00a0<strong>Objects Detection Using Sensors Data Fusion in Autonomous Driving Scenarios<\/strong>,\u00a0<em>Electronics\u00a0<strong>2021<\/strong>, 10, 2903. https:\/\/doi.org\/10.3390\/electronics10232903, 2021.<\/em><\/li>\n<li>M., Iavich,\u00a0R., Bocu, T., Kuchukhidze, G., Iashvili, S., Gnatyuk,\u00a0<strong>Novel Quantum Random Number Generator with the Improved Certification Method<\/strong>,\u00a0<em>International Journal of Mathematical Sciences and Computing ISSN 2310-9025, Volume 7, Number 3,\u00a0<\/em><em>pp. 41-53, 2021.<\/em><\/li>\n<li>D., Bocu,\u00a0R., Bocu,\u00a0<strong>The ICS Paradigm in Knowledge and Modelling<\/strong>,\u00a0<em>Broad Research in Artificial Intelligence and Neuroscience ISSN 2067-3957, Volume 9, Issue 3, 2018<\/em>,\u00a0<em>pp. 5-16.<\/em><\/li>\n<li>R., Bocu, C., Costache,\u00a0<strong>A Homomorphic Encryption-Based System for Securely Managing Personal Health Metrics Data<\/strong>,\u00a0<em>IBM Journal of Research and Development ISSN 0018-8646, Volume 62, Issue 1, 2018<\/em>,\u00a0<em>pp. 1:1-1:10.<\/em><\/li>\n<\/ul>\n<p><em><strong>Volume ale conferin\u0163elor (selec\u021bie)<\/strong><\/em><\/p>\n<ul class=\"wp-block-list\">\n<li>C.L., Aldea,\u00a0R., Bocu, D.M., Duca Iliescu,\u00a0<strong>Health Parameters Monitoring Through an\u00a0Integrated Multilayer Digital Twin Architecture<\/strong>, Proceedings of the Conference \u201eAdvanced Information Networking and Applications\u201d, 2024. Springer, Cham. https:\/\/doi.org\/10.1007\/978-3-031-57840-3_27.<\/li>\n<li>C.L., Aldea,\u00a0R., Bocu, D.M., Duca Iliescu, A., Vasilescu,\u00a0<strong>Efficient Didactic Methods Used in Modern E-learning and Traditional Environments<\/strong>, Proceedings of the \u201eInternational Conference on Information and Software Technologies\u201d (ICIST), 2024.<\/li>\n<li>R., Bocu, D., Bocu,\u00a0<strong>Next Generation Mobile Sensors: Review Regarding the Significance of Deep Learning and Privacy Techniques for Data-Driven Soft Sensors<\/strong>, Proceedings of the Conference \u201eAdvanced Information Networking and Applications\u201d, 2023.<\/li>\n<li>C.L., Aldea,\u00a0R., Bocu, D.M., Duca Iliescu, A., Vasilescu,\u00a0<strong>Applied Research Concerning the Aspects and Methods Used in Modern Learning Environments<\/strong>, Proceedings of the \u201e19<sup>th<\/sup>\u00a0eLearning and Software for Education Conference \u2013 eLSE 2023\u2033, 2023.<\/li>\n<li>M., Iavich, G., Akhalaia,\u00a0R., Bocu,\u00a0<strong>Device Tracking Threats in 5G Network<\/strong>, Proceedings of the Conference \u201eAdvanced Information Networking and Applications\u201d, 2023.<\/li>\n<li>M., Iavich, T., Kuchukhidze,\u00a0R., Bocu,\u00a0<strong>A Post-quantum Cryptosystem with a Hybrid Quantum Random Number Generator<\/strong>, Proceedings of the Conference \u201eAdvanced Information Networking and Applications\u201d, 2023.<\/li>\n<li>D., Bocu,\u00a0R., Bocu,\u00a0<strong>Conceptual Foundations of Code Rationalization Through a Case Study in Haskell<\/strong>, Proceedings of the Conference \u201eAdvanced Information Networking and Applications\u201d, 2022.<\/li>\n<li>R., Bocu, M., Iavich, A., Gagnidze,\u00a0<strong>Real Time Self-developing Cybersecurity Function for 5G<\/strong>, Proceedings of the Conference \u201eAdvanced Information Networking and Applications\u201d, 2022.<\/li>\n<li>R., Bocu, M., Iavich,\u00a0<strong>Enhanced Autonomous Driving Through Improved 3D Objects Detection<\/strong>, Proceedings of the Conference \u201eAdvanced Information Networking and Applications\u201d, 2022.<\/li>\n<li>R., Bocu, M., Iavich, T., Kuchukhidze, R., Odarchenko,\u00a0<strong>The novel hybrid method for the randomness extraction<\/strong>, Proceedings of \u201eInternational Conference on Next Generation Cybersecurity Systems and Applications\u201d (NGSEC), Kiev, 2022.<\/li>\n<li>R., Bocu, M., Iavich, S., Tabirca,\u00a0<strong>A Real-Time Intrusion Detection System for Software Defined 5G Networks<\/strong>, Proceedings of the Conference \u201eAdvanced Information Networking and Applications\u201d, 2021.<\/li>\n<li>R., Bocu, M., Iavich, G., Iashvili, R., Odarchenko, S., Gnatyuk,\u00a0<strong>Intrusion Detection System for 5G with a Focus on DOS\/DDOS Attacks<\/strong>, Proceedings of the 11th IEEE International Conference on Intelligent Data Acquisition and Advanced Computing Systems: Technology and Applications (IDAACS), 2021.<\/li>\n<li>R., Bocu, M., Iavich, G., Iashvili, R., Odarchenko,\u00a0<strong>A Post-Quantum Secure e-Health System for the Data Management<\/strong>, Proceedings of the IEEE 4th International Conference on Advanced Information and Communication Technologies (AICT), 2021.<\/li>\n<li>R., Bocu, A., Kerestely, A., Baicoianu,\u00a0<strong>A Research Study on Running Machine Learning Algorithms on Big Data with Spark<\/strong>, Proceedings of The 14th International Conference on Knowledge Science, Engineering and Management (KSEM), 2021.<\/li>\n<li>R., Bocu, M., Iavich, A., Gagnidze, G., Iashvili, S., Simonov,\u00a0<strong>Novel intrusion detection system for\u00a05G<\/strong>, Proceedings of the Conference \u201eIVUS\u201d, 2021.<\/li>\n<li>R., Bocu, M., Iavich, S., Gnatyuk, R., Odarchenko, S., Simonov,\u00a0<strong>The novel system of attacks detection in 5G<\/strong>, Proceedings of the Conference \u201eAdvanced Information Networking and Applications\u201d, 2021.<\/li>\n<li>R., Bocu, M., Iavich, S., Gnatyuk, D., Ospanova, Y., Sotnichenko,\u00a0<strong>Secure e-Health System for the Integrated Management of Personal Health Data Collected by IoT Devices<\/strong>, Proceedings of the International Conference \u201eCybersecurity Providing in Information and Telecommunication Systems\u201d, Kiev, 2021.<\/li>\n<li>R., Bocu,\u00a0<strong>A Secure Distributed e-Health System for the Management of Personal Health Metrics Data<\/strong>, Proceedings of the Conference \u201eAdvanced Information Networking and Applications\u201d, 2020.<\/li>\n<li>R., Bocu,\u00a0<strong>A Constructive Review Regarding the Significance of 5G Networks for the Internet of Things<\/strong>, Proceedings of the Conference \u201eAdvanced Information Networking and Applications\u201d, 2020.<\/li>\n<li>M. Iavich, R., Bocu, G. Iashvili,\u00a0<strong>Post-Quantum Digital Signature Scheme for Personal Data Security in Communication Network Systems<\/strong>, Proceedings of the International Conference of Artificial Intelligence, Medical Engineering, Education, Moscow, 2020.<\/li>\n<li>M. Iavich, R., Bocu, S. Gnatyuk, G. Iashvili,\u00a0<strong>Novel Method of Hardware Security Problems Identification<\/strong>, Proceedings of the International Conference \u201eProblems of Infocommunications. Science and Technology\u201d, Kharkiv, 2020.<\/li>\n<li>M. Iavich, R., Bocu, A. Arakelian, G. Iashvili,\u00a0<strong>Post-quantum Digital Signatures with Attenuated Pulse Generator<\/strong>, Proceedings of the International Conference on Information Technology, Kaunas, 2020.<\/li>\n<\/ul>\n<p><strong>C\u0103r\u021bi<\/strong><\/p>\n<ul>\n<li>D., Bocu,\u00a0R., Bocu,\u00a0<strong>Incursiuni speculative in si dincolo de Ingineria Softului<\/strong>. ISBN 978-606-250-661-2, Editura Matrix ROM, Bucuresti, 2021.<\/li>\n<li>D., Bocu, R., Bocu, Provocari si metode de abordare in managementul proiectelor IT. ISBN 978-973-650-299-6, Editura Albastr\u0103, Cluj-Napoca, 2013.<\/li>\n<li>D., Bocu, R., Bocu, Modelarea obiect orientat\u0103 cu UML. Fundamentele model\u0103rii cu UML. Ini\u0163iere \u00een \u015fabloane de proiectare utiliz\u00e2nd sintaxa UML. ISBN 973-650-194-9, Editura Albastr\u0103, Cluj-Napoca, 2006.<\/li>\n<li>D., Bocu, R., Bocu, Introducere \u00een universul Ingineriei Softului. ISBN 978-606-250-8166, Editura Matrix ROM, Bucure\u0219ti, 2023.<\/li>\n<li>D., Bocu, R., Bocu, The Role of the WEB Technologies in Connection to the Communication\u2019s Streamlining and Diversification Between the Actors of a Learning System. Chapter published in the book \u201cSocial Media in Higher Education: Teaching in Web 2.0\u201d, [DOI: 10.4018\/978-1-4666-2970-7.ch011], 2013.<\/li>\n<\/ul>\n","protected":false},"excerpt":{"rendered":"<p>Proiecte curente de cercetare \u0219tiin\u021bific\u0103 Grupul de cercetare administreaz\u0103 proiectul de cercetare \u0219tiin\u021bific\u0103 avansat\u0103 NATO SPS \u201eG7394 \u2013\u00a0Post-quantum Digital Signature using Verkle Trees\u201d, ob\u021binut \u00een urma parcurgerii, cu succes, a unui proces competitiv riguros. Pagina oficial\u0103 a proiectului furnizeaz\u0103 mai multe informa\u021bii despre acest proiect de cert\u0103 actualitate tehnologic\u0103: https:\/\/quantum.unitbv.ro\/. Articole publicate Jurnale (selec\u021bie) R., [&hellip;]<\/p>\n","protected":false},"author":1,"featured_media":0,"parent":0,"menu_order":0,"comment_status":"closed","ping_status":"closed","template":"","meta":{"footnotes":""},"class_list":["post-28","page","type-page","status-publish","hentry"],"_links":{"self":[{"href":"https:\/\/bocu.ro\/index.php?rest_route=\/wp\/v2\/pages\/28","targetHints":{"allow":["GET"]}}],"collection":[{"href":"https:\/\/bocu.ro\/index.php?rest_route=\/wp\/v2\/pages"}],"about":[{"href":"https:\/\/bocu.ro\/index.php?rest_route=\/wp\/v2\/types\/page"}],"author":[{"embeddable":true,"href":"https:\/\/bocu.ro\/index.php?rest_route=\/wp\/v2\/users\/1"}],"replies":[{"embeddable":true,"href":"https:\/\/bocu.ro\/index.php?rest_route=%2Fwp%2Fv2%2Fcomments&post=28"}],"version-history":[{"count":6,"href":"https:\/\/bocu.ro\/index.php?rest_route=\/wp\/v2\/pages\/28\/revisions"}],"predecessor-version":[{"id":62,"href":"https:\/\/bocu.ro\/index.php?rest_route=\/wp\/v2\/pages\/28\/revisions\/62"}],"wp:attachment":[{"href":"https:\/\/bocu.ro\/index.php?rest_route=%2Fwp%2Fv2%2Fmedia&parent=28"}],"curies":[{"name":"wp","href":"https:\/\/api.w.org\/{rel}","templated":true}]}}